t is the greatest common divisor of 5969 and 517?
47
Calculate the greatest common divisor of 372 and 10752.
12
Calculate the greatest common divisor of 4847 and 48077.
131
Calculate the greatest common divisor of 214 and 154.
2
What is the highest common divisor of 20622 and 2730?
42
What is the greatest common divisor of 11565 and 5895?
45
What is the highest common factor of 102285 and 45?
45
What is the greatest common divisor of 1078 and 434?
14
Calculate the greatest common divisor of 762545 and 35.
35
What is the greatest common factor of 192 and 7376?
16
What is the highest common factor of 3616 and 4972?
452
What is the highest common divisor of 248 and 205168?
8
Calculate the greatest common factor of 34 and 14722.
34
Calculate the highest common divisor of 860 and 10105.
215
What is the highest common factor of 28 and 16877?
7
What is the highest common divisor of 142745 and 405?
5
What is the highest common factor of 285325 and 775?
25
Calculate the highest common divisor of 82584 and 7192.
248
What is the highest common factor of 18837 and 351?
117
What is the highest common factor of 7854 and 15862?
154
Calculate the greatest common factor of 14 and 126420.
14
What is the highest common factor of 40 and 54335?
5
What is the greatest common divisor of 69444 and 5076?
108
What is the highest common factor of 1215 and 7965?
135
What is the highest common factor of 115020 and 213?
213
Calculate the highest common factor of 49 and 55160.
7
Calculate the highest common divisor of 36864 and 36.
36
Calculate the highest common factor of 84 and 2276372.
28
Calculate the greatest common divisor of 53 and 22260.
53
What is the greatest common divisor of 1683 and 144?
9
Calculate the greatest common divisor of 10015600 and 1372.
1372
What is the greatest common divisor of 3 and 5721?
3
Calculate the highest common factor of 2787 and 1016326.
929
What is the highest common divisor of 1183116 and 132?
132
Calculate the greatest common factor of 9698500 and 1000.
500
What is the greatest common factor of 1381 and 49?
1
Calculate the greatest common divisor of 67608 and 1512.
216
What is the highest common factor of 270 and 196830?
270
What is the greatest common factor of 1280 and 4000?
160
What is the greatest common factor of 4 and 1333012?
4
What is the highest common factor of 13386749 and 849?
283
Calculate the greatest common factor of 83649 and 39.
3
What is the highest common factor of 2914920 and 2376?
216
Calculate the highest common divisor of 35223 and 10089.
177
Calculate the greatest common divisor of 3819 and 209.
19
Calculate the greatest common divisor of 147390 and 270.
30
Calculate the greatest common factor of 10152 and 2444.
188
What is the highest common divisor of 312 and 21024?
24
What is the greatest common factor of 324 and 26388?
36
Calculate the greatest common factor of 40115 and 24495.
355
Calculate the greatest common factor of 234 and 1994733.
117
What is the greatest common divisor of 1249309 and 5128?
641
Calculate the greatest common factor of 21840 and 599690.
910
What is the highest common factor of 13838 and 338470?
374
What is the greatest common divisor of 416 and 603902?
26
Calculate the highest common factor of 297 and 1153053.
99
What is the highest common factor of 16837 and 113?
113
Calculate the greatest common divisor of 19278 and 972.
162
Calculate the highest common factor of 144 and 2472.
24
What is the highest common divisor of 105 and 57215?
5
Calculate the greatest common factor of 2877 and 28.
7
Calculate the greatest common divisor of 83392 and 1344.
64
What is the greatest common divisor of 247464 and 29951?
491
Calculate the greatest common divisor of 31192192 and 16.
16
Calculate the highest common divisor of 12750 and 13250.
250
What is the greatest common divisor of 658 and 1598?
94
Calculate the highest common divisor of 159656 and 168.
56
Calculate the greatest common factor of 48 and 1674912.
48
What is the greatest common divisor of 680 and 33048?
136
Calculate the highest common factor of 38016 and 99968.
1408
What is the greatest common divisor of 554 and 37949?
277
What is the highest common factor of 67914 and 198?
198
Calculate the highest common factor of 8128 and 18.
2
Calculate the greatest common factor of 26564 and 12.
4
What is the highest common divisor of 3894 and 726?
66
Calculate the greatest common divisor of 4922 and 1058.
46
What is the highest common factor of 105 and 51625?
35
What is the highest common factor of 14588 and 2996?
28
What is the highest common factor of 316 and 497147?
79
What is the greatest common divisor of 172816 and 112?
112
What is the greatest common divisor of 15138 and 5742?
522
What is the greatest common divisor of 788 and 222019?
197
What is the greatest common divisor of 1573 and 11987833?
1573
Calculate the greatest common factor of 492 and 74604.
12
Calculate the highest common factor of 18124 and 1380.
92
Calculate the greatest common factor of 1154462 and 138.
46
What is the greatest common factor of 639 and 177713?
71
Calculate the greatest common divisor of 1987398 and 126.
126
What is the greatest common factor of 30 and 24879?
3
Calculate the greatest common divisor of 10869 and 6.
3
What is the greatest common divisor of 828 and 431940?
276
What is the greatest common factor of 492746 and 57?
19
Calculate the highest common factor of 67330 and 40.
10
What is the greatest common divisor of 92 and 1574?
2
What is the greatest common divisor of 7446 and 8364?
102
What is the greatest common factor of 273 and 13039?
13
What is the greatest common factor of 1921 and 678?
113
What is the highest common divisor of 7800 and 19032?
312
Calculate the greatest common factor of 711 and 2482101.
711
What is the greatest common factor of 4518 and 457824?
1506
Calculate the greatest common divisor of 114804 and 108.
108
What is the highest common factor of 2670 and 7680?
30
What is the highest common divisor of 2659041 and 297?
297
Calculate the greatest common divisor of 6410 and 970.
10
What is the greatest common divisor of 188 and 846?
94
What is the highest common divisor of 2785 and 25?
5
Calculate the highest common factor of 15 and 439.
1
What is the highest common divisor of 72 and 1600884?
36
Calculate the greatest common divisor of 4536 and 210168.
1512
Calculate the highest common factor of 5612 and 46.
46
What is the greatest common factor of 1359 and 1422?
9
Calculate the highest common factor of 93 and 127317.
93
Calculate the greatest common factor of 92340 and 4680.
180
Calculate the highest common divisor of 286 and 1640782.
286
What is the highest common factor of 140943 and 396?
33
Calculate the greatest common factor of 166127 and 117.
13
Calculate the greatest common factor of 4288 and 1857776.
1072
What is the greatest common divisor of 145458 and 102?
6
What is the greatest common factor of 201 and 869459?
67
What is the highest common divisor of 1746 and 9043407?
873
Calculate the highest common factor of 1258 and 61272.
74
Calculate the highest common divisor of 2568 and 546556.
428
Calculate the greatest common divisor of 137889 and 27.
27
Calculate the highest common divisor of 304 and 331360.
304
What is the greatest common factor of 55 and 141944?
11
What is the greatest common factor of 2898 and 98?
14
Calculate the greatest common factor of 33408 and 108.
36
Calculate the greatest common divisor of 4394 and 286.
26
Calculate the highest common factor of 43940 and 1060.
20
Calculate the highest common divisor of 5586 and 492.
6
Calculate the highest common factor of 95 and 7334.
19
Calculate the highest common divisor of 230 and 365194.
46
What is the highest common factor of 429 and 55?
11
Calculate the greatest common divisor of 62 and 1006.
2
What is the highest common divisor of 189564 and 12?
12
What is the highest common factor of 1965169 and 157?
157
What is the greatest common factor of 9 and 233310?
3
What is the greatest common factor of 198 and 15037?
11
What is the greatest common divisor of 819 and 737646?
273
What is the greatest common factor of 151168 and 16?
16
What is the highest common factor of 243 and 2727?
27
What is the greatest common factor of 80 and 11570?
10
What is the greatest